{"id":234,"date":"2019-05-08T12:05:04","date_gmt":"2019-05-08T10:05:04","guid":{"rendered":"http:\/\/lacdegrandmaison.fr\/amicale\/?page_id=234"},"modified":"2021-01-25T16:29:04","modified_gmt":"2021-01-25T15:29:04","slug":"ou-sommes-nous","status":"publish","type":"page","link":"http:\/\/lacdegrandmaison.fr\/amicale\/ou-sommes-nous\/","title":{"rendered":"O\u00f9 sommes-nous ?"},"content":{"rendered":"<p><a href=\"https:\/\/www.pagesjaunes.fr\/carte?bloc_id=59299343XX59299343H001C0001&amp;no_sequence=0&amp;code_rubrique=00000559\">Auberge du Lac de Grand&rsquo;Maison<\/a><br \/>\n193 route du col du Sabot<br \/>\nPourch\u00e9ry 38114 Vaujany<\/p>\n<p>Accessible en bus depuis la gare de Grenoble (\u00e0 50 km), nous sommes \u00e0 3 km de la station de Vaujany et \u00e0 2 km du lac du Verney<\/p>\n<p><iframe style=\"border: 0;\" src=\"https:\/\/www.google.com\/maps\/embed?pb=!1m14!1m8!1m3!1d11255.439605205629!2d6.0583213!3d45.1494343!3m2!1i1024!2i768!4f13.1!3m3!1m2!1s0x0%3A0xb6a2b04ac99e69c5!2sAuberge+du+lac+de+Grand'Maison!5e0!3m2!1sfr!2sfr!4v1528114687783\" frameborder=\"0\" allowfullscreen=\"allowfullscreen\"><\/iframe><\/p>\n","protected":false},"excerpt":{"rendered":"<p>Auberge du Lac de Grand&rsquo;Maison 193 route du col du Sabot Pourch\u00e9ry 38114 Vaujany Accessible en bus depuis la gare de Grenoble (\u00e0 50 km), nous sommes \u00e0 3 km de la station de Vaujany et \u00e0 2 km du lac du Verney<\/p>\n","protected":false},"author":1,"featured_media":0,"parent":0,"menu_order":0,"comment_status":"closed","ping_status":"closed","template":"","meta":[],"_links":{"self":[{"href":"http:\/\/lacdegrandmaison.fr\/amicale\/wp-json\/wp\/v2\/pages\/234"}],"collection":[{"href":"http:\/\/lacdegrandmaison.fr\/amicale\/wp-json\/wp\/v2\/pages"}],"about":[{"href":"http:\/\/lacdegrandmaison.fr\/amicale\/wp-json\/wp\/v2\/types\/page"}],"author":[{"embeddable":true,"href":"http:\/\/lacdegrandmaison.fr\/amicale\/wp-json\/wp\/v2\/users\/1"}],"replies":[{"embeddable":true,"href":"http:\/\/lacdegrandmaison.fr\/amicale\/wp-json\/wp\/v2\/comments?post=234"}],"version-history":[{"count":3,"href":"http:\/\/lacdegrandmaison.fr\/amicale\/wp-json\/wp\/v2\/pages\/234\/revisions"}],"predecessor-version":[{"id":298,"href":"http:\/\/lacdegrandmaison.fr\/amicale\/wp-json\/wp\/v2\/pages\/234\/revisions\/298"}],"wp:attachment":[{"href":"http:\/\/lacdegrandmaison.fr\/amicale\/wp-json\/wp\/v2\/media?parent=234"}],"curies":[{"name":"wp","href":"https:\/\/api.w.org\/{rel}","templated":true}]}}