{"id":397,"date":"2018-06-04T10:02:23","date_gmt":"2018-06-04T08:02:23","guid":{"rendered":"http:\/\/lacdegrandmaison.fr\/cms\/?page_id=397"},"modified":"2022-09-28T19:01:52","modified_gmt":"2022-09-28T17:01:52","slug":"logement-106","status":"publish","type":"page","link":"http:\/\/lacdegrandmaison.fr\/cms\/offres-de-location\/logements\/logement-106\/","title":{"rendered":"Appt-T2 106 Flumet"},"content":{"rendered":"<div class=\"tabextrait\"><style> #tabdescript td:nth-child(2) { display:none; } #tabdescript td:nth-child(3) { display:none; } #tabdescript td:nth-child(4) { display:none; } #tabdescript td:nth-child(6) { display:none; } #tabdescript td:nth-child(7) { display:none; } #tabdescript td:nth-child(8) { display:none; } #logement { } #SHAB { display:none; } #sous1m80 { display:none; } #logt-nom { } #logt-type { } #nbplaces { } #nbl-doubles { } #nbl-simples { } #opt-BB { color:green; } #baign { } #douch { } #wc { } #cuis { } #mLV { } #mLL { } #TV { color:red; } #WiFi { color:green; } #opt-menage { color:green; } #opt-lingerie { color:green; } #opt-animaux { color:red; } #tabac { color:red; } #logt-ident { display:none; }<br \/> #logt-num { } #cles { display:none; } <\/style>\n<table id=\"tabdescript\">\r\n    <thead>\r\n        <tr id=\"logement\">\r\n            <td><\/td>\r\n            <td>\r\n                <a href=\"logement-110\/\">duplex de 61 m\u00b2<\/a>\r\n            <\/td>\r\n            <td>\r\n                <a href=\"logement-204\/\">appartement de 30 m\u00b2 avec baignoire<\/a>\r\n            <\/td>\r\n            <td>\r\n                <a href=\"logement-202\/\">appartement de 30 m\u00b2<\/a>\r\n            <\/td>\r\n            <td>\r\n                <a href=\"logement-106\/\">appartement de 29 m\u00b2 avec baignoire<\/a>\r\n            <\/td>\r\n            <td>\r\n                <a href=\"studio-104\/\">studio de 23 m\u00b2<\/a>\r\n            <\/td>\r\n            <td>\r\n                <a href=\"logement-102\/\">appartement de 32 m\u00b2<\/a>\r\n            <\/td>\r\n            <td>\r\n                <a href=\"chambre-203\/\">chambre de 12 m\u00b2 <span\r\n                        style=\"font-size:smaller; font-weight:100;\" class=\"option\">en\r\n                        option<\/span><\/a>\r\n            <\/td>\r\n        <\/tr>\r\n    <\/thead>\r\n    <tbody>\r\n        <tr id=\"SHAB\">\r\n            <td>SHAB (m\u00b2)<\/td>\r\n            <td>61,48<\/td>\r\n            <td>30,4<\/td>\r\n            <td>29,95<\/td>\r\n            <td>29,4<\/td>\r\n            <td>22,95<\/td>\r\n            <td>32,05<\/td>\r\n            <td>12,32<\/td>\r\n        <\/tr>\r\n        <tr id=\"sous1m80\">\r\n            <td>+ xxx m\u00b2 ht.&lt;1,80m<\/td>\r\n            <td>(+ 9,21 m\u00b2 ht.&lt;1,80m)<\/td>\r\n            <td>(+ 8,08 m\u00b2 ht.&lt;1,80m)<\/td>\r\n            <td>(+3,97 m\u00b2 ht.&lt;1,80m)<\/td>\r\n            <td><\/td>\r\n            <td><\/td>\r\n            <td><\/td>\r\n            <td><\/td>\r\n        <\/tr>\r\n        <tr id=\"logt-nom\">\r\n            <td>nom<\/td>\r\n            <td>Rissiou<\/td>\r\n            <td>Grandes Rousses<\/td>\r\n            <td>Belledonne<\/td>\r\n            <td>Flumet<\/td>\r\n            <td>Romanche<\/td>\r\n            <td>Olle<\/td>\r\n            <td>Taillefer<\/td>\r\n        <\/tr>\r\n        <tr id=\"logt-type\">\r\n            <td>type<\/td>\r\n            <td>duplex<\/td>\r\n            <td>appartement<\/td>\r\n            <td>appartement<\/td>\r\n            <td>appartement<\/td>\r\n            <td>studio<\/td>\r\n            <td>appartement<\/td>\r\n            <td>chambre<\/td>\r\n        <\/tr>\r\n        <tr id=\"nbplaces\">\r\n            <td>nb places<\/td>\r\n            <td>6 pl. max <i>( = 4 + 2 possibles en plus dans le salon)<\/i>\r\n            <\/td>\r\n            <td>6 pl. max <i>( = 4 + 2 possibles en plus dans le coin salon)<\/i>\r\n            <\/td>\r\n            <td>5 pl. max <i>( = 3 + 2 possibles en plus dans le coin salon)<\/i>\r\n            <\/td>\r\n            <td>4 pl. max <i>( = 2 + 2 possibles en plus dans le coin salon)<\/i>\r\n            <\/td>\r\n            <td>2 pl. (lits jumelables)<\/td>\r\n            <td>4 pl. max <i>( = 2 + 2 possibles en plus dans le coin salon)<\/i>\r\n            <\/td>\r\n            <td>3 pl.<\/td>\r\n        <\/tr>\r\n        <tr id=\"label\">\r\n            <td>label<\/td>\r\n            <td>* * *<\/td>\r\n            <td>* *<\/td>\r\n            <td>* *<\/td>\r\n            <td>* * *<\/td>\r\n            <td>* * *<\/td>\r\n            <td>* * *<\/td>\r\n            <td>non labellis\u00e9<\/td>\r\n        <\/tr>\r\n        <tr id=\"nbl-doubles\">\r\n            <td>nb lits doubles<\/td>\r\n            <td>1 <br \/>+ 1 convertible dans le salon <\/td>\r\n            <td>1 <br \/>+ 1 en jumellant les 2 lits-banquette du salon <\/td>\r\n            <td>1<\/td>\r\n            <td>1 <br \/>+ 1 BZ dans le salon <\/td>\r\n            <td>1 en jumellant les 2 lits 1 place<\/td>\r\n            <td>1 <br \/>+ 1 canap\u00e9 convertible <\/td>\r\n            <td>1<\/td>\r\n        <\/tr>\r\n        <tr id=\"nbl-simples\">\r\n            <td>nb lits simples<\/td>\r\n            <td>2<\/td>\r\n            <td>4 ( = 2 x 2 lits superpos\u00e9s)<\/td>\r\n            <td>2 +1 (= 1 dans la chambre des parents et 1 lits-banquette du salon plus si\r\n                besoin 1 autre lit-banquette)<\/td>\r\n            <td>0<\/td>\r\n            <td>2<\/td>\r\n            <td>0<\/td>\r\n            <td>1<\/td>\r\n        <\/tr>\r\n        <tr id=\"opt-BB\">\r\n            <td>option BB possible<\/td>\r\n            <td>oui<\/td>\r\n            <td>d\u00e9conseill\u00e9e<\/td>\r\n            <td>d\u00e9conseill\u00e9e<\/td>\r\n            <td>oui<\/td>\r\n            <td>possible<\/td>\r\n            <td>oui (mais \"serr\u00e9\")<\/td>\r\n            <td>non<\/td>\r\n        <\/tr>\r\n        <tr id=\"baign\">\r\n            <td>baignoire<\/td>\r\n            <td>1<\/td>\r\n            <td>1<\/td>\r\n            <td><\/td>\r\n            <td>1<\/td>\r\n            <td><\/td>\r\n            <td><\/td>\r\n            <td><\/td>\r\n        <\/tr>\r\n        <tr id=\"douch\">\r\n            <td>douche<\/td>\r\n            <td><\/td>\r\n            <td><\/td>\r\n            <td>2<\/td>\r\n            <td><\/td>\r\n            <td>1<\/td>\r\n            <td>1<\/td>\r\n            <td>1<\/td>\r\n        <\/tr>\r\n        <tr id=\"wc\">\r\n            <td>WC<\/td>\r\n            <td>1<\/td>\r\n            <td>1<\/td>\r\n            <td>1<\/td>\r\n            <td>1<\/td>\r\n            <td>1<\/td>\r\n            <td>1<\/td>\r\n            <td>sur le palier<\/td>\r\n        <\/tr>\r\n        <tr id=\"cuis\">\r\n            <td>cuisine<\/td>\r\n            <td>oui<\/td>\r\n            <td>oui<\/td>\r\n            <td>oui<\/td>\r\n            <td>oui<\/td>\r\n            <td>oui<\/td>\r\n            <td>oui<\/td>\r\n            <td>non<\/td>\r\n        <\/tr>\r\n        <tr id=\"mLV\">\r\n            <td>lave-vaisselle<\/td>\r\n            <td>oui<\/td>\r\n            <td>oui<\/td>\r\n            <td>oui<\/td>\r\n            <td>oui<\/td>\r\n            <td>non<\/td>\r\n            <td>oui<\/td>\r\n            <td>non<\/td>\r\n        <\/tr>\r\n        <tr id=\"mLL\">\r\n            <td>lave-linge<\/td>\r\n            <td>non<\/td>\r\n            <td>non<\/td>\r\n            <td>non<\/td>\r\n            <td>non<\/td>\r\n            <td>non<\/td>\r\n            <td>non<\/td>\r\n            <td>non<\/td>\r\n        <\/tr>\r\n        <tr id=\"opt-TV\">\r\n            <td>TV<\/td>\r\n            <td>oui<\/td>\r\n            <td>non<\/td>\r\n            <td>non<\/td>\r\n            <td>oui<\/td>\r\n            <td>oui<\/td>\r\n            <td>non<\/td>\r\n            <td>non<\/td>\r\n        <\/tr>\r\n        <tr id=\"WiFi\">\r\n            <td>Wi-Fi<\/td>\r\n            <td>gratuit<\/td>\r\n            <td>gratuit<\/td>\r\n            <td>gratuit<\/td>\r\n            <td>gratuit<\/td>\r\n            <td>gratuit<\/td>\r\n            <td>gratuit<\/td>\r\n            <td>gratuit<\/td>\r\n        <\/tr>\r\n        <tr id=\"opt-menage\">\r\n            <td>m\u00e9nage complet<\/td>\r\n            <td>120 \u20ac (inclus ou pas selon la dur\u00e9e)<\/td>\r\n            <td>96 \u20ac (inclus ou pas selon la dur\u00e9e)<\/td>\r\n            <td>96 \u20ac (inclus ou pas selon la dur\u00e9e)<\/td>\r\n            <td>96 \u20ac (inclus ou pas selon la dur\u00e9e)<\/td>\r\n            <td>72 \u20ac (inclus ou pas selon la dur\u00e9e)<\/td>\r\n            <td>96 \u20ac (inclus ou pas selon la dur\u00e9e)<\/td>\r\n            <td>48 \u20ac (inclus ou pas selon la dur\u00e9e)<\/td>\r\n        <\/tr>\r\n        <tr id=\"opt-lingerie\">\r\n            <td>lingerie<\/td>\r\n            <td>fournie sur demande selon le tarif<\/td>\r\n            <td>fournie sur demande selon le tarif<\/td>\r\n            <td>fournie sur demande selon le tarif<\/td>\r\n            <td>fournie sur demande selon le tarif<\/td>\r\n            <td>fournie sur demande selon le tarif<\/td>\r\n            <td>fournie sur demande selon le tarif<\/td>\r\n            <td>fournie sur demande selon le tarif<\/td>\r\n        <\/tr>\r\n        <tr id=\"opt-animaux\">\r\n            <td>animaux<\/td>\r\n            <td>non admis<\/td>\r\n            <td>non admis<\/td>\r\n            <td>non admis<\/td>\r\n            <td>non admis<\/td>\r\n            <td>non admis<\/td>\r\n            <td>non admis<\/td>\r\n            <td>non admis<\/td>\r\n        <\/tr>\r\n        <tr id=\"tabac\">\r\n            <td>tabac<\/td>\r\n            <td>non fumeur<\/td>\r\n            <td>non fumeur<\/td>\r\n            <td>non fumeur<\/td>\r\n            <td>non fumeur<\/td>\r\n            <td>non fumeur<\/td>\r\n            <td>non fumeur<\/td>\r\n            <td>non fumeur<\/td>\r\n        <\/tr>\r\n        <tr id=\"logt-ident\">\r\n            <td>ident<\/td>\r\n            <td>duplex<\/td>\r\n            <td>lgt 5<\/td>\r\n            <td>lgt 4<\/td>\r\n            <td>lgt 2<\/td>\r\n            <td>studio 104<\/td>\r\n            <td>lgt 1 - val&amp;xan<\/td>\r\n            <td>ch 203<\/td>\r\n        <\/tr>\r\n        <tr id=\"logt-num\">\r\n            <td>num\u00e9ro<\/td>\r\n            <td>110<\/td>\r\n            <td>204<\/td>\r\n            <td>202<\/td>\r\n            <td>106<\/td>\r\n            <td>104<\/td>\r\n            <td>102<\/td>\r\n            <td>203<\/td>\r\n        <\/tr>\r\n        <tr id=\"cles\">\r\n            <td>cl\u00e9s<\/td>\r\n            <td>Chouette<\/td>\r\n            <td>V\u00e9lo - Sport<\/td>\r\n            <td>Gipsy - Vacances N7<\/td>\r\n            <td>C\u0153ur<\/td>\r\n            <td>Fleur - Marmotte<\/td>\r\n            <td>Maison<\/td>\r\n            <td>Chat<\/td>\r\n        <\/tr>\r\n        <tr id=\"photos\">\r\n            <td>dossiers Google-Photo<\/td>\r\n            <td>\r\n                <a href=\"https:\/\/photos.app.goo.gl\/qdgJFT5nN9s5ZdzK6\">Duplex Rissiou<\/a>\r\n            <\/td>\r\n            <td>\r\n                <a href=\"https:\/\/photos.app.goo.gl\/TaFRia6my2iw3Cyt5\">T2 Belledonne<\/a>\r\n            <\/td>\r\n            <td>\r\n                <a href=\"https:\/\/photos.app.goo.gl\/jG1odHZTVkeqiCgi9\">T2 Grandes Rousses<\/a>\r\n            <\/td>\r\n            <td>\r\n                <a href=\"https:\/\/photos.app.goo.gl\/bYGgR2UZ5P4qXVvN7\">T2 Flumet<\/a>\r\n            <\/td>\r\n            <td>\r\n                <a href=\"https:\/\/photos.app.goo.gl\/fttR15WsaHENAAnx7\">Studio 104<\/a>\r\n            <\/td>\r\n            <td>\r\n                <a href=\"https:\/\/photos.app.goo.gl\/YBsdHFJRBxrt6a4o8\">T2 Eau d\u2019Olle<\/a>\r\n            <\/td>\r\n            <td>\r\n                <a href=\"https:\/\/photos.app.goo.gl\/QezvByFHt1oEMKty6\">Chambre 203<\/a>\r\n            <\/td>\r\n        <\/tr>\r\n    <\/tbody>\r\n<\/table> \n<\/div>\n<p>Ce lumineux logement, tout neuf, est au premier \u00e9tage d&rsquo;une ancienne auberge. On y acc\u00e8de par une rampe (utilisable en chaise roulante) menant \u00e0 un balcon terrasse et au salon salle \u00e0 manger, d&rsquo;o\u00f9 on a une belle vue sur le massif des Grandes Rousses.<\/p>\n<p>Il est compos\u00e9 de 2 pi\u00e8ces principales :<\/p>\n<ul>\n<li>un salon salle \u00e0 manger, qui contient une cuisine \u00e9quip\u00e9e, un coin repas, et un coin salon avec un canap\u00e9 BZ,<\/li>\n<li>une petite chambre avec un lit double,<\/li>\n<li>et une petite salle de bain avec WC et baignoire, attenante \u00e0 la chambre.<\/li>\n<\/ul>\n<p>Deux petites tables et des chaises ext\u00e9rieures permettent de manger sur le balcon sans rien avoir \u00e0 sortir.<\/p>\n<figure id=\"attachment_143\" aria-describedby=\"caption-attachment-143\" style=\"width: 300px\" class=\"wp-caption alignleft\"><img decoding=\"async\" loading=\"lazy\" class=\"size-medium wp-image-143\" src=\"http:\/\/lacdegrandmaison.fr\/cms\/wp-content\/uploads\/2018\/06\/IMG_3787-1-300x225.jpg\" alt=\"\" width=\"300\" height=\"225\" srcset=\"http:\/\/lacdegrandmaison.fr\/cms\/wp-content\/uploads\/2018\/06\/IMG_3787-1-300x225.jpg 300w, http:\/\/lacdegrandmaison.fr\/cms\/wp-content\/uploads\/2018\/06\/IMG_3787-1-768x576.jpg 768w, http:\/\/lacdegrandmaison.fr\/cms\/wp-content\/uploads\/2018\/06\/IMG_3787-1-1024x768.jpg 1024w\" sizes=\"(max-width: 300px) 100vw, 300px\" \/><figcaption id=\"caption-attachment-143\" class=\"wp-caption-text\">La vue sue-est sur le balcon-terrasse et le massif des Grandes-Rousses<\/figcaption><\/figure>\n<figure id=\"attachment_124\" aria-describedby=\"caption-attachment-124\" style=\"width: 300px\" class=\"wp-caption alignleft\"><img decoding=\"async\" loading=\"lazy\" class=\"size-medium wp-image-124\" src=\"http:\/\/lacdegrandmaison.fr\/cms\/wp-content\/uploads\/2018\/06\/Photo-24-04-2018-18-23-45-300x225.jpg\" alt=\"\" width=\"300\" height=\"225\" srcset=\"http:\/\/lacdegrandmaison.fr\/cms\/wp-content\/uploads\/2018\/06\/Photo-24-04-2018-18-23-45-300x225.jpg 300w, http:\/\/lacdegrandmaison.fr\/cms\/wp-content\/uploads\/2018\/06\/Photo-24-04-2018-18-23-45-768x576.jpg 768w, http:\/\/lacdegrandmaison.fr\/cms\/wp-content\/uploads\/2018\/06\/Photo-24-04-2018-18-23-45-1024x768.jpg 1024w, http:\/\/lacdegrandmaison.fr\/cms\/wp-content\/uploads\/2018\/06\/Photo-24-04-2018-18-23-45.jpg 2048w\" sizes=\"(max-width: 300px) 100vw, 300px\" \/><figcaption id=\"caption-attachment-124\" class=\"wp-caption-text\">Le canap\u00e9 BZ du coin salon<\/figcaption><\/figure>\n<figure id=\"attachment_71\" aria-describedby=\"caption-attachment-71\" style=\"width: 300px\" class=\"wp-caption alignleft\"><img decoding=\"async\" loading=\"lazy\" class=\"size-medium wp-image-71\" src=\"http:\/\/lacdegrandmaison.fr\/cms\/wp-content\/uploads\/2018\/06\/Photo-17-03-2018-09-02-00-e1527861896463-300x225.jpg\" alt=\"\" width=\"300\" height=\"225\" srcset=\"http:\/\/lacdegrandmaison.fr\/cms\/wp-content\/uploads\/2018\/06\/Photo-17-03-2018-09-02-00-e1527861896463-300x225.jpg 300w, http:\/\/lacdegrandmaison.fr\/cms\/wp-content\/uploads\/2018\/06\/Photo-17-03-2018-09-02-00-e1527861896463-768x576.jpg 768w, http:\/\/lacdegrandmaison.fr\/cms\/wp-content\/uploads\/2018\/06\/Photo-17-03-2018-09-02-00-e1527861896463-1024x768.jpg 1024w\" sizes=\"(max-width: 300px) 100vw, 300px\" \/><figcaption id=\"caption-attachment-71\" class=\"wp-caption-text\">La cuisine \u00e9quip\u00e9e<\/figcaption><\/figure>\n<figure id=\"attachment_141\" aria-describedby=\"caption-attachment-141\" style=\"width: 300px\" class=\"wp-caption alignleft\"><img decoding=\"async\" loading=\"lazy\" class=\"size-medium wp-image-141\" src=\"http:\/\/lacdegrandmaison.fr\/cms\/wp-content\/uploads\/2018\/06\/Photo-17-04-2018-18-18-13-300x225.jpg\" alt=\"\" width=\"300\" height=\"225\" srcset=\"http:\/\/lacdegrandmaison.fr\/cms\/wp-content\/uploads\/2018\/06\/Photo-17-04-2018-18-18-13-300x225.jpg 300w, http:\/\/lacdegrandmaison.fr\/cms\/wp-content\/uploads\/2018\/06\/Photo-17-04-2018-18-18-13-768x576.jpg 768w, http:\/\/lacdegrandmaison.fr\/cms\/wp-content\/uploads\/2018\/06\/Photo-17-04-2018-18-18-13.jpg 1024w\" sizes=\"(max-width: 300px) 100vw, 300px\" \/><figcaption id=\"caption-attachment-141\" class=\"wp-caption-text\">La rampe d&rsquo;acc\u00e8s et le bacon<\/figcaption><\/figure>\n\n\n<figure class=\"wp-block-image\"><img alt=\"\"\/><\/figure>\n\n\n\n<figure class=\"wp-block-image size-large is-resized\"><img decoding=\"async\" loading=\"lazy\" src=\"http:\/\/lacdegrandmaison.fr\/cms\/wp-content\/uploads\/2021\/01\/3D5BDF95-663F-45BF-85C8-FD07595DD2E8_1_105_c.jpeg\" alt=\"\" class=\"wp-image-922\" width=\"253\" height=\"334\"\/><figcaption>acc\u00e8s privatif par une rampe \u00e0 faible pente<\/figcaption><\/figure>\n","protected":false},"excerpt":{"rendered":"<p>Ce lumineux logement, tout neuf, est au premier \u00e9tage d&rsquo;une ancienne auberge. On y acc\u00e8de par une rampe (utilisable en chaise roulante) menant \u00e0 un balcon terrasse et au salon salle \u00e0 manger, d&rsquo;o\u00f9 on a une belle vue sur le massif des Grandes Rousses. Il est compos\u00e9 de 2 pi\u00e8ces principales : un salon &hellip; <\/p>\n<p class=\"link-more\"><a href=\"http:\/\/lacdegrandmaison.fr\/cms\/offres-de-location\/logements\/logement-106\/\" class=\"more-link\">Continuer la lecture<span class=\"screen-reader-text\"> de &laquo;&nbsp;Appt-T2 106 Flumet&nbsp;&raquo;<\/span><\/a><\/p>\n","protected":false},"author":1,"featured_media":143,"parent":216,"menu_order":5,"comment_status":"closed","ping_status":"closed","template":"","meta":[],"_links":{"self":[{"href":"http:\/\/lacdegrandmaison.fr\/cms\/wp-json\/wp\/v2\/pages\/397"}],"collection":[{"href":"http:\/\/lacdegrandmaison.fr\/cms\/wp-json\/wp\/v2\/pages"}],"about":[{"href":"http:\/\/lacdegrandmaison.fr\/cms\/wp-json\/wp\/v2\/types\/page"}],"author":[{"embeddable":true,"href":"http:\/\/lacdegrandmaison.fr\/cms\/wp-json\/wp\/v2\/users\/1"}],"replies":[{"embeddable":true,"href":"http:\/\/lacdegrandmaison.fr\/cms\/wp-json\/wp\/v2\/comments?post=397"}],"version-history":[{"count":25,"href":"http:\/\/lacdegrandmaison.fr\/cms\/wp-json\/wp\/v2\/pages\/397\/revisions"}],"predecessor-version":[{"id":1203,"href":"http:\/\/lacdegrandmaison.fr\/cms\/wp-json\/wp\/v2\/pages\/397\/revisions\/1203"}],"up":[{"embeddable":true,"href":"http:\/\/lacdegrandmaison.fr\/cms\/wp-json\/wp\/v2\/pages\/216"}],"wp:featuredmedia":[{"embeddable":true,"href":"http:\/\/lacdegrandmaison.fr\/cms\/wp-json\/wp\/v2\/media\/143"}],"wp:attachment":[{"href":"http:\/\/lacdegrandmaison.fr\/cms\/wp-json\/wp\/v2\/media?parent=397"}],"curies":[{"name":"wp","href":"https:\/\/api.w.org\/{rel}","templated":true}]}}