{"id":457,"date":"2018-06-05T18:27:11","date_gmt":"2018-06-05T16:27:11","guid":{"rendered":"http:\/\/lacdegrandmaison.fr\/cms\/?page_id=457"},"modified":"2018-06-09T19:13:05","modified_gmt":"2018-06-09T17:13:05","slug":"pourchery","status":"publish","type":"page","link":"http:\/\/lacdegrandmaison.fr\/cms\/activites-alentours\/pourchery\/","title":{"rendered":"Pourch\u00e9ry"},"content":{"rendered":"<p><figure id=\"attachment_463\" aria-describedby=\"caption-attachment-463\" style=\"width: 300px\" class=\"wp-caption alignleft\"><img decoding=\"async\" loading=\"lazy\" src=\"http:\/\/lacdegrandmaison.fr\/cms\/wp-content\/uploads\/2018\/06\/IMG_1185-300x225.jpg\" alt=\"\" width=\"300\" height=\"225\" class=\"size-medium wp-image-463\" srcset=\"http:\/\/lacdegrandmaison.fr\/cms\/wp-content\/uploads\/2018\/06\/IMG_1185-300x225.jpg 300w, http:\/\/lacdegrandmaison.fr\/cms\/wp-content\/uploads\/2018\/06\/IMG_1185-768x576.jpg 768w, http:\/\/lacdegrandmaison.fr\/cms\/wp-content\/uploads\/2018\/06\/IMG_1185-1024x768.jpg 1024w\" sizes=\"(max-width: 300px) 100vw, 300px\" \/><figcaption id=\"caption-attachment-463\" class=\"wp-caption-text\">Vue sur le massif de Taillefer depuis le chemin communal<\/figcaption><\/figure>Pourch\u00e9ry est l&rsquo;avant-avant-dernier hameau de Vaujany, entre La condamine et Le Perrier. C&rsquo;est aussi le dernier endroit \u00e0 peu pr\u00e8s plat. Il dispose d&rsquo;un terrain de basket, juste derri\u00e8re l&rsquo;auberge.<\/p>\n<p>Depuis l&rsquo;auberge, \u00e0 200 m en montant vers Vaujany, au croisement de la chapelle Saint-Claude, une route en faux-plat peu fr\u00e9quent\u00e9e rejoint l&rsquo;Enversin d&rsquo;Oz en moins de 2 km.<br \/>\nLe nouveau t\u00e9l\u00e9cabine de l&rsquo;Enversin permet de rejoindre la station l&rsquo;hiver sans souci de stationnement.<\/p>\n<p><img decoding=\"async\" loading=\"lazy\" src=\"http:\/\/lacdegrandmaison.fr\/cms\/wp-content\/uploads\/2018\/06\/IMG_2234-225x300.jpg\" alt=\"\" width=\"225\" height=\"300\" class=\"alignright size-medium wp-image-465\" srcset=\"http:\/\/lacdegrandmaison.fr\/cms\/wp-content\/uploads\/2018\/06\/IMG_2234-225x300.jpg 225w, http:\/\/lacdegrandmaison.fr\/cms\/wp-content\/uploads\/2018\/06\/IMG_2234-768x1024.jpg 768w\" sizes=\"(max-width: 225px) 100vw, 225px\" \/>Aux autres saisons, la balade id\u00e9ale consiste \u00e0 traverser l&rsquo;Enversin pour continuer jusqu&rsquo;\u00e0 la station de Vaujany, en passant par le Stade de neige, et p\u00f4le Sport et Loisirs o\u00f9 est situ\u00e9 la piscine.<br \/>\nPour le retour, on peut monter dans la station Village avec les escalators, et redescendre vers Pourchery en passant par les hameaux du Petit Vaujany, d&rsquo;o\u00f9 un chemin quitte la route, et le Perrier.<\/p>\n<p>De l&rsquo;autre c\u00f4t\u00e9, le chemin communal offre une vue magnifique sur le lac du Verney et le massif de Taillefer. On peut poursuivre la promenade jusqu&rsquo;au torrent, ou le Rivier d&rsquo;Allemont, ou m\u00eame aller jusqu&rsquo;au barrage de Grand&rsquo;Maison (9 km !).<\/p>\n<p>Vers le bas, on peut rejoindre le lac du Verney et en faire le tour le long de ses berges.<\/p>\n<p>Pour les cyclistes, on attend l&rsquo;extension de la route qui monte au col du Sabot au dessus de Vaujany, \u00e0 2100 m d&rsquo;altitude, et qui doit rejoindre le col de la Croix de fer.<br \/>\nLe retour \u00e0 Pourch\u00e9ry apr\u00e8s une journ\u00e9e dans les cols de l&rsquo;Oisans, se fait par une derni\u00e8re (petite) c\u00f4te \u00e0 4 lacets depuis le lac du Verney.<\/p>\n<p><figure id=\"attachment_466\" aria-describedby=\"caption-attachment-466\" style=\"width: 300px\" class=\"wp-caption alignleft\"><img decoding=\"async\" loading=\"lazy\" src=\"http:\/\/lacdegrandmaison.fr\/cms\/wp-content\/uploads\/2018\/06\/IMG_1835-300x225.jpg\" alt=\"\" width=\"300\" height=\"225\" class=\"size-medium wp-image-466\" srcset=\"http:\/\/lacdegrandmaison.fr\/cms\/wp-content\/uploads\/2018\/06\/IMG_1835-300x225.jpg 300w, http:\/\/lacdegrandmaison.fr\/cms\/wp-content\/uploads\/2018\/06\/IMG_1835-768x576.jpg 768w, http:\/\/lacdegrandmaison.fr\/cms\/wp-content\/uploads\/2018\/06\/IMG_1835-1024x768.jpg 1024w\" sizes=\"(max-width: 300px) 100vw, 300px\" \/><figcaption id=\"caption-attachment-466\" class=\"wp-caption-text\">Lac du Verney<\/figcaption><\/figure><figure id=\"attachment_468\" aria-describedby=\"caption-attachment-468\" style=\"width: 300px\" class=\"wp-caption alignright\"><img decoding=\"async\" loading=\"lazy\" src=\"http:\/\/lacdegrandmaison.fr\/cms\/wp-content\/uploads\/2018\/06\/IMG_1593-e1528280757851-300x202.jpg\" alt=\"\" width=\"300\" height=\"202\" class=\"size-medium wp-image-468\" srcset=\"http:\/\/lacdegrandmaison.fr\/cms\/wp-content\/uploads\/2018\/06\/IMG_1593-e1528280757851-300x202.jpg 300w, http:\/\/lacdegrandmaison.fr\/cms\/wp-content\/uploads\/2018\/06\/IMG_1593-e1528280757851-768x518.jpg 768w, http:\/\/lacdegrandmaison.fr\/cms\/wp-content\/uploads\/2018\/06\/IMG_1593-e1528280757851-1024x691.jpg 1024w\" sizes=\"(max-width: 300px) 100vw, 300px\" \/><figcaption id=\"caption-attachment-468\" class=\"wp-caption-text\">Chapelle Saint-Claude<\/figcaption><\/figure><figure id=\"attachment_94\" aria-describedby=\"caption-attachment-94\" style=\"width: 225px\" class=\"wp-caption alignleft\"><img decoding=\"async\" loading=\"lazy\" src=\"http:\/\/lacdegrandmaison.fr\/cms\/wp-content\/uploads\/2018\/06\/IMG_3536-225x300.jpg\" alt=\"\" width=\"225\" height=\"300\" class=\"size-medium wp-image-94\" srcset=\"http:\/\/lacdegrandmaison.fr\/cms\/wp-content\/uploads\/2018\/06\/IMG_3536-225x300.jpg 225w, http:\/\/lacdegrandmaison.fr\/cms\/wp-content\/uploads\/2018\/06\/IMG_3536-768x1024.jpg 768w\" sizes=\"(max-width: 225px) 100vw, 225px\" \/><figcaption id=\"caption-attachment-94\" class=\"wp-caption-text\">L&rsquo;\u00e9glise du Petit-Vaujany, vu depuis le chemin qui redescend vers le Perrier<\/figcaption><\/figure><figure id=\"attachment_525\" aria-describedby=\"caption-attachment-525\" style=\"width: 300px\" class=\"wp-caption alignright\"><img decoding=\"async\" loading=\"lazy\" src=\"http:\/\/lacdegrandmaison.fr\/cms\/wp-content\/uploads\/2018\/06\/Photo-05-06-2018-08-39-47-e1528280239342-300x225.jpg\" alt=\"\" width=\"300\" height=\"225\" class=\"size-medium wp-image-525\" srcset=\"http:\/\/lacdegrandmaison.fr\/cms\/wp-content\/uploads\/2018\/06\/Photo-05-06-2018-08-39-47-e1528280239342-300x225.jpg 300w, http:\/\/lacdegrandmaison.fr\/cms\/wp-content\/uploads\/2018\/06\/Photo-05-06-2018-08-39-47-e1528280239342-768x576.jpg 768w, http:\/\/lacdegrandmaison.fr\/cms\/wp-content\/uploads\/2018\/06\/Photo-05-06-2018-08-39-47-e1528280239342-1024x768.jpg 1024w\" sizes=\"(max-width: 300px) 100vw, 300px\" \/><figcaption id=\"caption-attachment-525\" class=\"wp-caption-text\">Le terrain de basket, vu depuis la passerelle qui est au-dessus du chemin communal<\/figcaption><\/figure><figure id=\"attachment_472\" aria-describedby=\"caption-attachment-472\" style=\"width: 300px\" class=\"wp-caption alignleft\"><img decoding=\"async\" loading=\"lazy\" src=\"http:\/\/lacdegrandmaison.fr\/cms\/wp-content\/uploads\/2018\/06\/54962654278__260A535E-498C-45ED-A7B8-F8580530D874-300x225.jpg\" alt=\"\" width=\"300\" height=\"225\" class=\"size-medium wp-image-472\" srcset=\"http:\/\/lacdegrandmaison.fr\/cms\/wp-content\/uploads\/2018\/06\/54962654278__260A535E-498C-45ED-A7B8-F8580530D874-300x225.jpg 300w, http:\/\/lacdegrandmaison.fr\/cms\/wp-content\/uploads\/2018\/06\/54962654278__260A535E-498C-45ED-A7B8-F8580530D874-768x576.jpg 768w, http:\/\/lacdegrandmaison.fr\/cms\/wp-content\/uploads\/2018\/06\/54962654278__260A535E-498C-45ED-A7B8-F8580530D874-1024x768.jpg 1024w\" sizes=\"(max-width: 300px) 100vw, 300px\" \/><figcaption id=\"caption-attachment-472\" class=\"wp-caption-text\">Fontaine \u00e0 c\u00f4t\u00e9 de la chapelle Saint-Claude<\/figcaption><\/figure><figure id=\"attachment_467\" aria-describedby=\"caption-attachment-467\" style=\"width: 300px\" class=\"wp-caption alignleft\"><img decoding=\"async\" loading=\"lazy\" src=\"http:\/\/lacdegrandmaison.fr\/cms\/wp-content\/uploads\/2018\/06\/IMG_1697-300x225.jpg\" alt=\"\" width=\"300\" height=\"225\" class=\"size-medium wp-image-467\" srcset=\"http:\/\/lacdegrandmaison.fr\/cms\/wp-content\/uploads\/2018\/06\/IMG_1697-300x225.jpg 300w, http:\/\/lacdegrandmaison.fr\/cms\/wp-content\/uploads\/2018\/06\/IMG_1697-768x576.jpg 768w, http:\/\/lacdegrandmaison.fr\/cms\/wp-content\/uploads\/2018\/06\/IMG_1697-1024x768.jpg 1024w\" sizes=\"(max-width: 300px) 100vw, 300px\" \/><figcaption id=\"caption-attachment-467\" class=\"wp-caption-text\">Le plus long escalator de la station de Vaujany (aussi long que dans le m\u00e9tro russe ?)<\/figcaption><\/figure><figure id=\"attachment_470\" aria-describedby=\"caption-attachment-470\" style=\"width: 300px\" class=\"wp-caption alignright\"><img decoding=\"async\" loading=\"lazy\" src=\"http:\/\/lacdegrandmaison.fr\/cms\/wp-content\/uploads\/2018\/06\/IMG_1619-300x225.jpg\" alt=\"\" width=\"300\" height=\"225\" class=\"size-medium wp-image-470\" srcset=\"http:\/\/lacdegrandmaison.fr\/cms\/wp-content\/uploads\/2018\/06\/IMG_1619-300x225.jpg 300w, http:\/\/lacdegrandmaison.fr\/cms\/wp-content\/uploads\/2018\/06\/IMG_1619-768x576.jpg 768w, http:\/\/lacdegrandmaison.fr\/cms\/wp-content\/uploads\/2018\/06\/IMG_1619-1024x768.jpg 1024w\" sizes=\"(max-width: 300px) 100vw, 300px\" \/><figcaption id=\"caption-attachment-470\" class=\"wp-caption-text\">Plan de situation (datant de 2015)<\/figcaption><\/figure><\/p>\n","protected":false},"excerpt":{"rendered":"<p>Pourch\u00e9ry est l&rsquo;avant-avant-dernier hameau de Vaujany, entre La condamine et Le Perrier. C&rsquo;est aussi le dernier endroit \u00e0 peu pr\u00e8s plat. Il dispose d&rsquo;un terrain de basket, juste derri\u00e8re l&rsquo;auberge. Depuis l&rsquo;auberge, \u00e0 200 m en montant vers Vaujany, au croisement de la chapelle Saint-Claude, une route en faux-plat peu fr\u00e9quent\u00e9e rejoint l&rsquo;Enversin d&rsquo;Oz en &hellip; <\/p>\n<p class=\"link-more\"><a href=\"http:\/\/lacdegrandmaison.fr\/cms\/activites-alentours\/pourchery\/\" class=\"more-link\">Continuer la lecture<span class=\"screen-reader-text\"> de &laquo;&nbsp;Pourch\u00e9ry&nbsp;&raquo;<\/span><\/a><\/p>\n","protected":false},"author":1,"featured_media":464,"parent":11,"menu_order":1,"comment_status":"closed","ping_status":"closed","template":"","meta":[],"_links":{"self":[{"href":"http:\/\/lacdegrandmaison.fr\/cms\/wp-json\/wp\/v2\/pages\/457"}],"collection":[{"href":"http:\/\/lacdegrandmaison.fr\/cms\/wp-json\/wp\/v2\/pages"}],"about":[{"href":"http:\/\/lacdegrandmaison.fr\/cms\/wp-json\/wp\/v2\/types\/page"}],"author":[{"embeddable":true,"href":"http:\/\/lacdegrandmaison.fr\/cms\/wp-json\/wp\/v2\/users\/1"}],"replies":[{"embeddable":true,"href":"http:\/\/lacdegrandmaison.fr\/cms\/wp-json\/wp\/v2\/comments?post=457"}],"version-history":[{"count":20,"href":"http:\/\/lacdegrandmaison.fr\/cms\/wp-json\/wp\/v2\/pages\/457\/revisions"}],"predecessor-version":[{"id":592,"href":"http:\/\/lacdegrandmaison.fr\/cms\/wp-json\/wp\/v2\/pages\/457\/revisions\/592"}],"up":[{"embeddable":true,"href":"http:\/\/lacdegrandmaison.fr\/cms\/wp-json\/wp\/v2\/pages\/11"}],"wp:featuredmedia":[{"embeddable":true,"href":"http:\/\/lacdegrandmaison.fr\/cms\/wp-json\/wp\/v2\/media\/464"}],"wp:attachment":[{"href":"http:\/\/lacdegrandmaison.fr\/cms\/wp-json\/wp\/v2\/media?parent=457"}],"curies":[{"name":"wp","href":"https:\/\/api.w.org\/{rel}","templated":true}]}}