{"id":506,"date":"2018-06-05T19:57:57","date_gmt":"2018-06-05T17:57:57","guid":{"rendered":"http:\/\/lacdegrandmaison.fr\/cms\/?page_id=506"},"modified":"2024-12-29T14:14:50","modified_gmt":"2024-12-29T13:14:50","slug":"courses-et-restauration","status":"publish","type":"page","link":"http:\/\/lacdegrandmaison.fr\/cms\/informations-pratiques\/courses-et-restauration\/","title":{"rendered":"Courses et restauration"},"content":{"rendered":"<p>Le bar-restaurant sur place dans notre auberge n&rsquo;est pas ouvert cet hiver 2024-25.<\/p>\n<p>Le march\u00e9 de Bourg d&rsquo;Oisans a lieu le samedi matin. Une navette gratuite de Vaujany peut vous y amener et vous ramener (se renseigner \u00e0 l&rsquo;<a href=\"https:\/\/www.vaujany.com\/fr\/\">office du Tourisme<\/a> de Vaujany : 04 76 80 72 37).<\/p>\n<p>La <a href=\"http:\/\/www.pharmacie-allemont.fr\/\">pharmacie<\/a> la plus proche est \u00e0 Allemont (04 76 80 78 64).<\/p>\n<h2>Pour les courses :<\/h2>\n<p>La station-village de Vaujany a une <a href=\"https:\/\/www.sherpa.net\/magasins\/vaujany\">sup\u00e9rette Sherpa<\/a> (04 76 79 00 68), et Allemont a un <a href=\"https:\/\/magasins.spar.fr\/fr\/spar-allemond\">Spar<\/a>.<\/p>\n<p>Au niveau du kiosque de vente des forfaits, dans le b\u00e2timent appel\u00e9 Le Saphir, o\u00f9 est le cin\u00e9ma, il y a une \u00e9picerie fine \u00ab\u00a0Le Cairn\u00a0\u00bb (06 34 43 69 53), qui vend des produits locaux dont des fromages, de la viande et de la charcuterie, mais ont un cuisinier pour quelques tables en terrasse .<\/p>\n<p>La pizzeria \u00ab\u00a0L&rsquo;Etape\u00a0\u00bb (04 76 79 85 22) d&rsquo;Allemond fait des pizzas \u00e0 emporter.<\/p>\n<h2>Services de livraison :<\/h2>\n<p>Le Sherpa de Vaujany a un service de livraison de courses \u00e0 leur communiquer par t\u00e9l\u00e9phone : (04 76 79 00 68).<\/p>\n<p>Le traiteur d&rsquo;Oz \u00ab\u00a0<a href=\"https:\/\/oztraiteur.wordpress.com\/\">Monts et Merveilles<\/a>\u00a0\u00bb (06 26 55 75 00) livre des repas pour le soir.<\/p>\n<p>Le <a href=\"lechaletchef.wordpress.com\/\">Chalet-chef<\/a> +44 (0) 7860 278827, met \u00e0 disposition un chef priv\u00e9 pour venir dans votre chalet et cuisinier \u00e0 votre place.<\/p>\n<h2>Restaurants :<\/h2>\n<p>Le site de Vaujany liste tous les restaurants du centre du village, avec un plan : <a href=\"https:\/\/www.vaujany.com\/fr\/bars-restaurants\/\">https:\/\/www.vaujany.com\/fr\/bars-restaurants\/<\/a><\/p>\n<p>Le site Tripadvisor classe les restaurants \u00e0 partir d&rsquo;avis fournis par leurs clients : <a href=\"https:\/\/www.tripadvisor.fr\/Restaurants-g616131-Vaujany_Isere_Auvergne_Rhone_Alpes.html\">https:\/\/www.tripadvisor.fr\/Restaurants-g616131-Vaujany_Isere_Auvergne_Rhone_Alpes.html<\/a><\/p>\n<p>Les pages jaunes indiquent les num\u00e9ros de t\u00e9l\u00e9phone des <a href=\"https:\/\/www.pagesjaunes.fr\/annuaire\/vaujany-38\/meilleurs-restaurants\">restaurants de Vaujany<\/a> et les <a href=\"https:\/\/www.pagesjaunes.fr\/annuaire\/allemond-38\/meilleurs-restaurants\">restaurants d&rsquo;Allemond <\/a>.<\/p>\n<h3>Au centre du village de Vaujany :<\/h3>\n<p>Pr\u00e8s de p\u00f4le des sports, \u00ab\u00a0Le Stou\u00a0\u00bb (04 76 11 11 93) est juste \u00e0 c\u00f4t\u00e9 de la patinoire, de la piscine et du booling. Il est ouvert presque toute l&rsquo;ann\u00e9e.<\/p>\n<p>Et \u00ab\u00a0<a href=\"http:\/\/www.gite-passoud.com\/\">Chez Passoud<\/a>\u00a0\u00bb (04 76 80 73 18), \u00e0 l&rsquo;Enversin d&rsquo;Oz l&rsquo;\u00e9t\u00e9 et dans leur restaurant d&rsquo;altitude l&rsquo;hiver, on est s\u00fbr de se faire du bien !<\/p>\n<h3>\u00c0 Allemond :<\/h3>\n<ul>\n<li>\u00ab\u00a0les Gaufrettes\u00a0\u00bb ont un concept de burger sur gauffres , et organise des concerts tr\u00e8s tr\u00e8s biens (09 63 68 89 28) ;<\/li>\n<li>\u00ab\u00a0l&rsquo;eau d&rsquo;Olle\u00a0\u00bb pour un tr\u00e8s bon fish&amp;chips, des pizza, etc. (04 76 80 47 54) ;<\/li>\n<li>\u00ab\u00a0la Douce montagne\u00a0\u00bb ( 04 76 79 82 40) ;<\/li>\n<li>\u00ab\u00a0l&rsquo;\u00e9tape\u00a0\u00bb, pizzeria pr\u00e8s de la pharmacie (04 76 79 85 22) ;<\/li>\n<li>le \u00ab\u00a0Caf\u00e9 de l&rsquo;aiguille\u00a0\u00bb (04 76 80 38 85) est presque toujours ouvert.<\/li>\n<\/ul>\n<p>L&rsquo;\u00e9t\u00e9, la \u00ab\u00a0Guinguette\u00a0\u00bb sur le lac du Verney a une vue formidable. Il est ouvert en saison estivale allant \u00e9ventuellement du printemps \u00e0 l&rsquo;automne, selon les g\u00e9rants.<\/p>\n","protected":false},"excerpt":{"rendered":"<p>Le bar-restaurant sur place dans notre auberge n&rsquo;est pas ouvert cet hiver 2024-25. Le march\u00e9 de Bourg d&rsquo;Oisans a lieu le samedi matin. Une navette gratuite de Vaujany peut vous y amener et vous ramener (se renseigner \u00e0 l&rsquo;office du Tourisme de Vaujany : 04 76 80 72 37). La pharmacie la plus proche est &hellip; <\/p>\n<p class=\"link-more\"><a href=\"http:\/\/lacdegrandmaison.fr\/cms\/informations-pratiques\/courses-et-restauration\/\" class=\"more-link\">Continuer la lecture<span class=\"screen-reader-text\"> de &laquo;&nbsp;Courses et restauration&nbsp;&raquo;<\/span><\/a><\/p>\n","protected":false},"author":1,"featured_media":0,"parent":493,"menu_order":0,"comment_status":"closed","ping_status":"closed","template":"","meta":[],"_links":{"self":[{"href":"http:\/\/lacdegrandmaison.fr\/cms\/wp-json\/wp\/v2\/pages\/506"}],"collection":[{"href":"http:\/\/lacdegrandmaison.fr\/cms\/wp-json\/wp\/v2\/pages"}],"about":[{"href":"http:\/\/lacdegrandmaison.fr\/cms\/wp-json\/wp\/v2\/types\/page"}],"author":[{"embeddable":true,"href":"http:\/\/lacdegrandmaison.fr\/cms\/wp-json\/wp\/v2\/users\/1"}],"replies":[{"embeddable":true,"href":"http:\/\/lacdegrandmaison.fr\/cms\/wp-json\/wp\/v2\/comments?post=506"}],"version-history":[{"count":44,"href":"http:\/\/lacdegrandmaison.fr\/cms\/wp-json\/wp\/v2\/pages\/506\/revisions"}],"predecessor-version":[{"id":1368,"href":"http:\/\/lacdegrandmaison.fr\/cms\/wp-json\/wp\/v2\/pages\/506\/revisions\/1368"}],"up":[{"embeddable":true,"href":"http:\/\/lacdegrandmaison.fr\/cms\/wp-json\/wp\/v2\/pages\/493"}],"wp:attachment":[{"href":"http:\/\/lacdegrandmaison.fr\/cms\/wp-json\/wp\/v2\/media?parent=506"}],"curies":[{"name":"wp","href":"https:\/\/api.w.org\/{rel}","templated":true}]}}