{"id":581,"date":"2018-06-06T19:23:20","date_gmt":"2018-06-06T17:23:20","guid":{"rendered":"http:\/\/lacdegrandmaison.fr\/cms\/?page_id=581"},"modified":"2018-07-26T15:48:40","modified_gmt":"2018-07-26T13:48:40","slug":"test-google-calendar","status":"publish","type":"page","link":"http:\/\/lacdegrandmaison.fr\/cms\/tests\/test-google-calendar\/","title":{"rendered":"Test google-calendar"},"content":{"rendered":"<p><iframe loading=\"lazy\" src=\"https:\/\/calendar.google.com\/calendar\/embed?title=R%C3%A9servations&amp;showPrint=0&amp;showTabs=0&amp;height=300&amp;wkst=1&amp;bgcolor=%23FFFFFF&amp;src=o5nasjsh0prh90it2rfp7lpcp4%40group.calendar.google.com&amp;color=%23ffbbb5&amp;src=mtpm69it75dt4b2rlqctt0tvc4%40group.calendar.google.com&amp;color=%23e5e1d0&amp;src=hi4f1o4862mge64ef7g4gf0a0c%40group.calendar.google.com&amp;color=%23affff4&amp;src=ie9n2d7ht7vrcjqajisesd9buc%40group.calendar.google.com&amp;color=%23f9f78b&amp;src=f51isqf8vmime6idr09i8at7b4%40group.calendar.google.com&amp;color=%234E5D6C&amp;src=tkv3i47smp8vv84lthm7r5pbt0%40group.calendar.google.com&amp;color=%2347c7ef&amp;src=584s3honmveh889ils6ck48m98%40group.calendar.google.com&amp;color=%232f76a3&amp;ctz=Europe%2FParis\" style=\"border-width:0\" width=\"400\" height=\"300\" frameborder=\"0\" scrolling=\"no\"><\/iframe><\/p>\n<p>Pour cr\u00e9er ce code, il suffit d&rsquo;aller sur la page <a href=\"https:\/\/calendar.google.com\/calendar\/embedhelper?src=o5nqlcb61ustk8m2f21ls7n568%40group.calendar.google.com&#038;ctz=Europe%2FParis\">https:\/\/calendar.google.com\/calendar\/embedhelper?src=o5nqlcb61ustk8m2f21ls7n568%40group.calendar.google.com&#038;ctz=Europe%2FParis<\/a> qu&rsquo;on atteint quand un calendrier est s\u00e9lectionn\u00e9 et qu&rsquo;on clique sur la molette en haut \u00e0 droite de la fen\u00eatre.<\/p>\n<p>Pour ajuster la taille d&rsquo;affichage du calendrier, il suffit modifier les valeurs width et height qui sont dans le code du cadre qui int\u00e9grer l&rsquo;agenda. Je n&rsquo;ai pas trouv\u00e9 comment param\u00e9trer d&rsquo;enlever le bouton d&rsquo;ajout de l&rsquo;agenda aux siens, \u00e0 part en agissant sur le style de la classe \u00ab\u00a0subscribe-image\u00a0\u00bb en lui ajoutant la propri\u00e9t\u00e9 \u00ab\u00a0display:none !important\u00a0\u00bb. C&rsquo;est une manip un peu compliqu\u00e9e parce qu&rsquo;il faut modifier le style \u00ab\u00a0sous l&rsquo;iframe\u00a0\u00bb (j&rsquo;avais trouv\u00e9 comment faire \u00e7a, il va falloir que je nage dans mes fichiers&#8230;)<\/p>\n<p>ID de l&rsquo;agenda<br \/>\no5nqlcb61ustk8m2f21ls7n568@group.calendar.google.com<\/p>\n<p><iframe loading=\"lazy\" src=\"https:\/\/calendar.google.com\/calendar\/embed?src=o5nasjsh0prh90it2rfp7lpcp4%40group.calendar.google.com&#038;ctz=Europe%2FParis\" style=\"border: 0\" width=\"300\" height=\"400\" frameborder=\"0\" scrolling=\"no\"><\/iframe><\/p>\n","protected":false},"excerpt":{"rendered":"<p>Pour cr\u00e9er ce code, il suffit d&rsquo;aller sur la page https:\/\/calendar.google.com\/calendar\/embedhelper?src=o5nqlcb61ustk8m2f21ls7n568%40group.calendar.google.com&#038;ctz=Europe%2FParis qu&rsquo;on atteint quand un calendrier est s\u00e9lectionn\u00e9 et qu&rsquo;on clique sur la molette en haut \u00e0 droite de la fen\u00eatre. Pour ajuster la taille d&rsquo;affichage du calendrier, il suffit modifier les valeurs width et height qui sont dans le code du cadre qui int\u00e9grer &hellip; <\/p>\n<p class=\"link-more\"><a href=\"http:\/\/lacdegrandmaison.fr\/cms\/tests\/test-google-calendar\/\" class=\"more-link\">Continuer la lecture<span class=\"screen-reader-text\"> de &laquo;&nbsp;Test google-calendar&nbsp;&raquo;<\/span><\/a><\/p>\n","protected":false},"author":1,"featured_media":0,"parent":584,"menu_order":0,"comment_status":"closed","ping_status":"closed","template":"","meta":[],"_links":{"self":[{"href":"http:\/\/lacdegrandmaison.fr\/cms\/wp-json\/wp\/v2\/pages\/581"}],"collection":[{"href":"http:\/\/lacdegrandmaison.fr\/cms\/wp-json\/wp\/v2\/pages"}],"about":[{"href":"http:\/\/lacdegrandmaison.fr\/cms\/wp-json\/wp\/v2\/types\/page"}],"author":[{"embeddable":true,"href":"http:\/\/lacdegrandmaison.fr\/cms\/wp-json\/wp\/v2\/users\/1"}],"replies":[{"embeddable":true,"href":"http:\/\/lacdegrandmaison.fr\/cms\/wp-json\/wp\/v2\/comments?post=581"}],"version-history":[{"count":6,"href":"http:\/\/lacdegrandmaison.fr\/cms\/wp-json\/wp\/v2\/pages\/581\/revisions"}],"predecessor-version":[{"id":670,"href":"http:\/\/lacdegrandmaison.fr\/cms\/wp-json\/wp\/v2\/pages\/581\/revisions\/670"}],"up":[{"embeddable":true,"href":"http:\/\/lacdegrandmaison.fr\/cms\/wp-json\/wp\/v2\/pages\/584"}],"wp:attachment":[{"href":"http:\/\/lacdegrandmaison.fr\/cms\/wp-json\/wp\/v2\/media?parent=581"}],"curies":[{"name":"wp","href":"https:\/\/api.w.org\/{rel}","templated":true}]}}

<p><iframe loading="lazy" src="https://calendar.google.com/calendar/embed?title=R%C3%A9servations&amp;showPrint=0&amp;showTabs=0&amp;height=300&amp;wkst=1&amp;bgcolor=%23FFFFFF&amp;src=o5nasjsh0prh90it2rfp7lpcp4%40group.calendar.google.com&amp;color=%23ffbbb5&amp;src=mtpm69it75dt4b2rlqctt0tvc4%40group.calendar.google.com&amp;color=%23e5e1d0&amp;src=hi4f1o4862mge64ef7g4gf0a0c%40group.calendar.google.com&amp;color=%23affff4&amp;src=ie9n2d7ht7vrcjqajisesd9buc%40group.calendar.google.com&amp;color=%23f9f78b&amp;src=f51isqf8vmime6idr09i8at7b4%40group.calendar.google.com&amp;color=%234E5D6C&amp;src=tkv3i47smp8vv84lthm7r5pbt0%40group.calendar.google.com&amp;color=%2347c7ef&amp;src=584s3honmveh889ils6ck48m98%40group.calendar.google.com&amp;color=%232f76a3&amp;ctz=Europe%2FParis" style="border-width:0" width="400" height="300" frameborder="0" scrolling="no"></iframe></p>
<p>Pour créer ce code, il suffit d&rsquo;aller sur la page <a href="https://calendar.google.com/calendar/embedhelper?src=o5nqlcb61ustk8m2f21ls7n568%40group.calendar.google.com&#038;ctz=Europe%2FParis">https://calendar.google.com/calendar/embedhelper?src=o5nqlcb61ustk8m2f21ls7n568%40group.calendar.google.com&#038;ctz=Europe%2FParis</a> qu&rsquo;on atteint quand un calendrier est sélectionné et qu&rsquo;on clique sur la molette en haut à droite de la fenêtre.</p>
<p>Pour ajuster la taille d&rsquo;affichage du calendrier, il suffit modifier les valeurs width et height qui sont dans le code du cadre qui intégrer l&rsquo;agenda. Je n&rsquo;ai pas trouvé comment paramétrer d&rsquo;enlever le bouton d&rsquo;ajout de l&rsquo;agenda aux siens, à part en agissant sur le style de la classe « subscribe-image » en lui ajoutant la propriété « display:none !important ». C&rsquo;est une manip un peu compliquée parce qu&rsquo;il faut modifier le style « sous l&rsquo;iframe » (j&rsquo;avais trouvé comment faire ça, il va falloir que je nage dans mes fichiers&#8230;)</p>
<p>ID de l&rsquo;agenda<br />
o5nqlcb61ustk8m2f21ls7n568@group.calendar.google.com</p>
<p><iframe loading="lazy" src="https://calendar.google.com/calendar/embed?src=o5nasjsh0prh90it2rfp7lpcp4%40group.calendar.google.com&#038;ctz=Europe%2FParis" style="border: 0" width="300" height="400" frameborder="0" scrolling="no"></iframe></p>

<p>Pour créer ce code, il suffit d&rsquo;aller sur la page https://calendar.google.com/calendar/embedhelper?src=o5nqlcb61ustk8m2f21ls7n568%40group.calendar.google.com&#038;ctz=Europe%2FParis qu&rsquo;on atteint quand un calendrier est sélectionné et qu&rsquo;on clique sur la molette en haut à droite de la fenêtre. Pour ajuster la taille d&rsquo;affichage du calendrier, il suffit modifier les valeurs width et height qui sont dans le code du cadre qui intégrer &hellip; </p>
<p class="link-more"><a href="http://lacdegrandmaison.fr/cms/tests/test-google-calendar/" class="more-link">Continuer la lecture<span class="screen-reader-text"> de &laquo;&nbsp;Test google-calendar&nbsp;&raquo;</span></a></p>
